{"id":28,"date":"2015-02-21T18:18:08","date_gmt":"2015-02-21T17:18:08","guid":{"rendered":"http:\/\/backup.sessionlinkpro.com\/?page_id=28"},"modified":"2025-10-16T17:32:47","modified_gmt":"2025-10-16T15:32:47","slug":"account","status":"publish","type":"page","link":"https:\/\/de.sessionlinkpro.com\/?page_id=28","title":{"rendered":"Nutzerkonto"},"content":{"rendered":"<div class=\"enigma_heading_title\">\r\n<h2>Nutzerkonto<\/h2>\r\n<\/div>\r\n\r\n<div id=\"subscription\">\r\n<strong>\r\n<p>Neu bei SessionLinkPRO? Dann klicke auf &#8222;Signup&#8220;. Falls Du ein bestehendes Nutzerkonto verl\u00e4ngern, einen Trial-Account upgraden oder ein weiteres Produkt hinzuf\u00fcgen m\u00f6chtest, Du Dein Passwort oder Deine Rechnungsadresse \u00e4ndern m\u00f6chtest oder Dein Passwort vergessen hast, dann klicke auf &#8222;Login&#8220;. Buchungen sind kostenpflichtig, die Zahlung wird z.B. \u00fcber PayPal oder Kreditkarte abgewickelt. Andere Zahlungsm\u00f6glichkeiten nur nach Absprache.<\/p>\r\n<p>M\u00f6chtest Du unseren Service erst testen? Dann hol&#8216; Dir einen kostenlosen 7-Tage-Trial-Account!<\/p>\r\n<p>&nbsp;<\/p>\r\n<\/strong>\r\n\r\n<div id=\"isotope-service-container\" class=\"row isotope\">\r\n\r\n<div class=\"col-md-4 col-sm-6 col-xs-12 service\">\r\n<div class=\"enigma_service_area appear-animation bounceIn appear-animation-visible\">\r\n<div class=\"enigma_service_iocn pull-left\">\r\n<a tabindex=\"-1\" aria-hidden=\"true\" href=\".\/?page_id=909\"><i class=\"fa fa-pencil\"><\/i><\/a>\r\n<\/div>\r\n<div class=\"enigma_service_detail media-body\">\r\n<h3><a aria-label=\"Signup: neues Nutzerkonto anlegen\" href=\".\/?page_id=909\">Signup<\/a><\/h3>\r\n<p><a aria-hidden=\"true\" tabindex=\"-1\" style=\"color: #444;\" href=\".\/?page_id=909\">neues Nutzerkonto anlegen<\/a><\/p>\r\n<\/div>\r\n<\/div>\r\n<\/div>\r\n\r\n<div class=\"col-md-4 col-sm-6 col-xs-12 service\">\r\n<div class=\"enigma_service_area appear-animation bounceIn appear-animation-visible\">\r\n<div class=\"enigma_service_iocn pull-left\">\r\n<a tabindex=\"-1\" aria-hidden=\"true\" href=\".\/?page_id=772\"><i class=\"fa fa-sign-in\"><\/i><\/a>\r\n<\/div>\r\n<div class=\"enigma_service_detail media-body\">\r\n<h3><a aria-label=\"Login: bestehendes Nutzerkonto verwalten\" href=\".\/?page_id=772\">Login<\/a><\/h3>\r\n<p><a aria-hidden=\"true\" tabindex=\"-1\" style=\"color: #444;\" href=\".\/?page_id=772\">bestehendes Nutzerkonto verwalten<\/a><\/p>\r\n<\/div>\r\n<\/div>\r\n<\/div>\r\n\r\n<div class=\"col-md-4 col-sm-6 col-xs-12 service\">\r\n<div class=\"enigma_service_area appear-animation bounceIn appear-animation-visible\">\r\n<div class=\"enigma_service_iocn pull-left\">\r\n<a tabindex=\"-1\" aria-hidden=\"true\" href=\".\/?page_id=1775\"><i class=\"fa fa-external-link\"><\/i><\/a>\r\n<\/div>\r\n<div class=\"enigma_service_detail media-body\">\r\n<h3><a aria-label=\"Trial: hier klicken, um einen 7-Tage-Trial-Account anzufordern\" href=\".\/?page_id=1775\">Trial-Account anfordern<\/a><\/h3>\r\n<p><a aria-hidden=\"true\" tabindex=\"-1\" style=\"color: #444;\" href=\".\/?page_id=1775\">hier klicken, um einen 7-Tage-Trial-Account anzufordern<\/a><\/p>\r\n<\/div>\r\n<\/div>\r\n<\/div>\r\n<\/div>\r\n\r\n<\/div>\r\n","protected":false},"excerpt":{"rendered":"<p>Nutzerkonto Neu bei SessionLinkPRO? Dann klicke auf &#8222;Signup&#8220;. Falls Du ein bestehendes Nutzerkonto verl\u00e4ngern, einen Trial-Account upgraden oder ein weiteres Produkt hinzuf\u00fcgen m\u00f6chtest, Du Dein Passwort oder Deine Rechnungsadresse \u00e4ndern m\u00f6chtest oder Dein Passwort vergessen hast,<\/p>\n","protected":false},"author":1,"featured_media":0,"parent":0,"menu_order":0,"comment_status":"open","ping_status":"open","template":"page-fullwidth-slp_account.php","meta":{"footnotes":""},"class_list":["post-28","page","type-page","status-publish","hentry"],"_links":{"self":[{"href":"https:\/\/de.sessionlinkpro.com\/index.php?rest_route=\/wp\/v2\/pages\/28","targetHints":{"allow":["GET"]}}],"collection":[{"href":"https:\/\/de.sessionlinkpro.com\/index.php?rest_route=\/wp\/v2\/pages"}],"about":[{"href":"https:\/\/de.sessionlinkpro.com\/index.php?rest_route=\/wp\/v2\/types\/page"}],"author":[{"embeddable":true,"href":"https:\/\/de.sessionlinkpro.com\/index.php?rest_route=\/wp\/v2\/users\/1"}],"replies":[{"embeddable":true,"href":"https:\/\/de.sessionlinkpro.com\/index.php?rest_route=%2Fwp%2Fv2%2Fcomments&post=28"}],"version-history":[{"count":0,"href":"https:\/\/de.sessionlinkpro.com\/index.php?rest_route=\/wp\/v2\/pages\/28\/revisions"}],"wp:attachment":[{"href":"https:\/\/de.sessionlinkpro.com\/index.php?rest_route=%2Fwp%2Fv2%2Fmedia&parent=28"}],"curies":[{"name":"wp","href":"https:\/\/api.w.org\/{rel}","templated":true}]}}