{"id":2046,"date":"2017-09-14T13:32:27","date_gmt":"2017-09-14T11:32:27","guid":{"rendered":"https:\/\/testde.sessionlinkpro.com\/?page_id=2046"},"modified":"2025-11-07T18:56:40","modified_gmt":"2025-11-07T17:56:40","slug":"zahlungsmethoden","status":"publish","type":"page","link":"https:\/\/de.sessionlinkpro.com\/?page_id=2046","title":{"rendered":"Zahlungsmethoden"},"content":{"rendered":"<div style=\"max-width: 600px; margin: 0 auto; text-align: left\"><h2 style=\"font-size: 24px; margin-bottom: 1em;\">Zahlungsmethoden<\/h2><p>S\u00e4mtliche Zahlungen in unserem Buchungssystem werden \u00fcber den Zahlungsdienstleister Mollie abgewickelt. Zur Verf\u00fcgung stehen derzeit PayPal, Kreditkarte, Sofort-\u00dcberweisung und Giropay. Unser Zahlungsdienstleister bietet beim Zahlvorgang eine Auswahl aus den verf\u00fcgbaren Zahlungsmethoden an. Wir geben keine Garantie auf die dauerhafte Verf\u00fcgbarkeit aller Zahlungsmethoden.<\/p><p>Andere Zahlungsmethoden nur nach Absprache.<\/p><br><\/div>","protected":false},"excerpt":{"rendered":"<p>ZahlungsmethodenS\u00e4mtliche Zahlungen in unserem Buchungssystem werden \u00fcber den Zahlungsdienstleister Mollie abgewickelt. Zur Verf\u00fcgung stehen derzeit PayPal, Kreditkarte, Sofort-\u00dcberweisung und Giropay. Unser Zahlungsdienstleister bietet beim Zahlvorgang eine Auswahl aus den verf\u00fcgbaren Zahlungsmethoden an. Wir geben keine Garantie<\/p>\n","protected":false},"author":1,"featured_media":0,"parent":0,"menu_order":0,"comment_status":"closed","ping_status":"closed","template":"page-fullwidth-slp.php","meta":{"footnotes":""},"class_list":["post-2046","page","type-page","status-publish","hentry"],"_links":{"self":[{"href":"https:\/\/de.sessionlinkpro.com\/index.php?rest_route=\/wp\/v2\/pages\/2046","targetHints":{"allow":["GET"]}}],"collection":[{"href":"https:\/\/de.sessionlinkpro.com\/index.php?rest_route=\/wp\/v2\/pages"}],"about":[{"href":"https:\/\/de.sessionlinkpro.com\/index.php?rest_route=\/wp\/v2\/types\/page"}],"author":[{"embeddable":true,"href":"https:\/\/de.sessionlinkpro.com\/index.php?rest_route=\/wp\/v2\/users\/1"}],"replies":[{"embeddable":true,"href":"https:\/\/de.sessionlinkpro.com\/index.php?rest_route=%2Fwp%2Fv2%2Fcomments&post=2046"}],"version-history":[{"count":0,"href":"https:\/\/de.sessionlinkpro.com\/index.php?rest_route=\/wp\/v2\/pages\/2046\/revisions"}],"wp:attachment":[{"href":"https:\/\/de.sessionlinkpro.com\/index.php?rest_route=%2Fwp%2Fv2%2Fmedia&parent=2046"}],"curies":[{"name":"wp","href":"https:\/\/api.w.org\/{rel}","templated":true}]}}